('UIS960617SX0','FACTURA_A','FASA',23452,'AME9810201L9','ATOTECH DE MEXICO, S.A. DE C.V.','2012-08-29 14:58:59',21580,2012,101.75,1026.75,1,'I','','','','FACTURA_A_FASA_23452.pdf','FACTURA_A_FASA_23452.xml','800-3537-2000512','','',NULL,NULL,NULL,NULL,NULL,'jmedellin@unidc.com,factnld@unidc.com,veronicae@unidc.com,auxfactnld2@unidc.com,aux_factmx@unidc.com','NO',0,NULL,'',NULL,NULL,NULL,NULL),('UIS960617SX0','FACTURA_A','FASA',23453,'AME9810201L9','ATOTECH DE MEXICO, S.A. DE C.V.','2012-08-29 15:00:35',21580,2012,101.75,1026.75,1,'I','','','','FACTURA_A_FASA_23453.pdf','FACTURA_A_FASA_23453.xml','800-3537-2000518','','',NULL,NULL,NULL,NULL,NULL,'jmedellin@unidc.com,factnld@unidc.com,veronicae@unidc.com,auxfactnld2@unidc.com,aux_factmx@unidc.com','NO',0,NULL,'',NULL,NULL,NULL,NULL),('UIS960617SX0','FACTURA_A','FASA',23438,'GDM071211134','GUALA DISPENSING MEXICO, S.A. DE C.V.','2012-08-29 12:17:34',21580,2012,176.96,1785.72,1,'I','','','','FACTURA_A_FASA_23438.pdf','FACTURA_A_FASA_23438.xml','240-3537-2012033','','',NULL,NULL,NULL,NULL,NULL,'jmedellin@unidc.com,factnld@unidc.com,veronicae@unidc.com,auxfactnld2@unidc.com,aux_factmx@unidc.com','NO',0,NULL,'',NULL,NULL,NULL,NULL),('UIS960617SX0','FACTURA_A','FASA',23454,'NOT011226T29','NOTMUSA, S.A. DE C.V.','2012-08-29 15:55:02',21580,2012,13.20,133.20,1,'I','','','','FACTURA_A_FASA_23454.pdf','FACTURA_A_FASA_23454.xml','240-3537-2011729','','',NULL,NULL,NULL,NULL,NULL,'jmedellin@unidc.com,factnld@unidc.com,veronicae@unidc.com,auxfactnld2@unidc.com,aux_factmx@unidc.com','NO',0,NULL,'',NULL,NULL,NULL,NULL),('UIS960617SX0','FACTURA_A','FASA',23455,'NOT011226T29','NOTMUSA, S.A. DE C.V.','2012-08-29 16:04:22',21580,2012,13.20,133.20,1,'I','','','','FACTURA_A_FASA_23455.pdf','FACTURA_A_FASA_23455.xml','240-3537-2011791','','',NULL,NULL,NULL,NULL,NULL,'jmedellin@unidc.com,factnld@unidc.com,veronicae@unidc.com,auxfactnld2@unidc.com,aux_factmx@unidc.com','NO',0,NULL,'',NULL,NULL,NULL,NULL),('UIS960617SX0','FACTURA_A','FASA',23456,'AME9810201L9','ATOTECH DE MEXICO, S.A. DE C.V.','2012-08-29 16:57:47',21580,2012,680.00,4759.99,1,'I','','','','FACTURA_A_FASA_23456.pdf','FACTURA_A_FASA_23456.xml','240-3537-2000423','','',NULL,NULL,NULL,NULL,NULL,'jmedellin@unidc.com,factnld@unidc.com,veronicae@unidc.com,auxfactnld2@unidc.com,aux_factmx@unidc.com','NO',0,NULL,'',NULL,NULL,NULL,NULL),('UIS960617SX0','FACTURA_A','FASA',23457,'SME940415JQ1','STRYKER MEXICO, S.A. DE C.V.','2012-08-29 17:20:47',21580,2012,520.32,5250.54,1,'I','','','','FACTURA_A_FASA_23457.pdf','FACTURA_A_FASA_23457.xml','240-3537-2011929','','',NULL,NULL,NULL,NULL,NULL,'jmedellin@unidc.com,factnld@unidc.com,veronicae@unidc.com,auxfactnld2@unidc.com,aux_factmx@unidc.com,importsmx@stryker.com','NO',0,NULL,'',NULL,NULL,NULL,NULL),('UIS960617SX0','FACTURA_A','FASA',23459,'WME971117LJ8','.INTERNATIONAL PAPER EMP IND MEXICO SRL CV','2012-08-30 10:05:24',21580,2012,234.98,2371.17,1,'I','','','','FACTURA_A_FASA_23459.pdf','FACTURA_A_FASA_23459.xml','240-3537-2012071','','',NULL,NULL,NULL,NULL,NULL,'jmedellin@unidc.com,factnld@unidc.com,veronicae@unidc.com,auxfactnld2@unidc.com,aux_factmx@unidc.com','NO',0,NULL,'',NULL,NULL,NULL,NULL),('UIS960617SX0','FACTURA_A','FASA',23460,'WME971117LJ8','.INTERNATIONAL PAPER EMP IND MEXICO SRL CV','2012-08-30 10:08:00',21580,2012,626.49,6321.85,1,'I','','','','FACTURA_A_FASA_23460.pdf','FACTURA_A_FASA_23460.xml','240-3537-2012035','','',NULL,NULL,NULL,NULL,NULL,'jmedellin@unidc.com,factnld@unidc.com,veronicae@unidc.com,auxfactnld2@unidc.com,aux_factmx@unidc.com','NO',0,NULL,'',NULL,NULL,NULL,NULL),('UIS960617SX0','FACTURA_A','FASA',23464,'XEXX010101000','UIS INTERNATIONAL SERVICES, CORP.','2012-08-30 10:52:49',21580,2012,0.00,0.00,1,'I','','','','FACTURA_A_FASA_23464.pdf','FACTURA_A_FASA_23464.xml','240-3537-2011999','','',NULL,NULL,NULL,NULL,NULL,'jmedellin@unidc.com,factnld@unidc.com,veronicae@unidc.com,auxfactnld2@unidc.com,aux_factmx@unidc.com','NO',0,NULL,'',NULL,NULL,NULL,NULL),('UIS960617SX0','FACTURA_A','FASA',23465,'XEXX010101000','UIS INTERNATIONAL SERVICES, CORP.','2012-08-30 10:57:31',21580,2012,0.00,0.00,1,'I','','','','FACTURA_A_FASA_23465.pdf','FACTURA_A_FASA_23465.xml','240-3537-2012010','','',NULL,NULL,NULL,NULL,NULL,'jmedellin@unidc.com,factnld@unidc.com,veronicae@unidc.com,auxfactnld2@unidc.com,aux_factmx@unidc.com','NO',0,NULL,'',NULL,NULL,NULL,NULL),('UIS960617SX0','FACTURA_A','FASA',23466,'TTM021217I56','TECHNICAL TAPE MEXICO, S.A. DE C.V.','2012-08-30 10:59:38',21580,2012,3439.75,26650.60,1,'I','','','','FACTURA_A_FASA_23466.pdf','FACTURA_A_FASA_23466.xml','240-3537-2012104','','',NULL,NULL,NULL,NULL,NULL,'jmedellin@unidc.com,factnld@unidc.com,veronicae@unidc.com,auxfactnld2@unidc.com,aux_factmx@unidc.com','NO',0,NULL,'',NULL,NULL,NULL,NULL),('UIS960617SX0','FACTURA_A','FASA',23467,'GDM071211134','GUALA DISPENSING MEXICO, S.A. DE C.V.','2012-08-30 11:04:35',21580,2012,113.23,1142.60,1,'I','','','','FACTURA_A_FASA_23467.pdf','FACTURA_A_FASA_23467.xml','240-3537-2012073','','',NULL,NULL,NULL,NULL,NULL,'jmedellin@unidc.com,factnld@unidc.com,veronicae@unidc.com,auxfactnld2@unidc.com,aux_factmx@unidc.com','NO',0,NULL,'',NULL,NULL,NULL,NULL),('UIS960617SX0','FACTURA_A','FASA',23468,'BME9802073WA','BRADFORD DE MEXICO, S. DE R.L. DE C.V.','2012-08-30 11:07:00',21580,2012,101.75,1026.75,1,'I','','','','FACTURA_A_FASA_23468.pdf','FACTURA_A_FASA_23468.xml','240-3537-2012069','','',NULL,NULL,NULL,NULL,NULL,'jmedellin@unidc.com,factnld@unidc.com,veronicae@unidc.com,auxfactnld2@unidc.com,aux_factmx@unidc.com','NO',0,NULL,'',NULL,NULL,NULL,NULL),('UIS960617SX0','FACTURA_A','FASA',23439,'IAN1108254V2','INDUSTRIAL DE ANDENES, S.A. DE C.V.','2012-08-29 12:20:40',21580,2012,2626.78,19635.60,1,'I','','','','FACTURA_A_FASA_23439.pdf','FACTURA_A_FASA_23439.xml','240-3537-2012030','','',NULL,NULL,NULL,NULL,NULL,'jmedellin@unidc.com,factnld@unidc.com,veronicae@unidc.com,auxfactnld2@unidc.com,aux_factmx@unidc.com','NO',0,NULL,'',NULL,NULL,NULL,NULL),('UIS960617SX0','FACTURA_A','FASA',23461,'RDM900101F20','R.R. DONNELLEY DE MEXICO S DE RL DE CV','2012-08-30 10:25:36',21580,2012,105.05,1060.05,1,'I','','','','FACTURA_A_FASA_23461.pdf','FACTURA_A_FASA_23461.xml','240-3537-2012055','','',NULL,NULL,NULL,NULL,NULL,'jmedellin@unidc.com,factnld@unidc.com,veronicae@unidc.com,auxfactnld2@unidc.com,aux_factmx@unidc.com','NO',0,NULL,'',NULL,NULL,NULL,NULL),('UIS960617SX0','FACTURA_A','FASA',23462,'RDM900101F20','R.R. DONNELLEY DE MEXICO S DE RL DE CV','2012-08-30 10:31:34',21580,2012,101.75,1026.75,1,'I','','','','FACTURA_A_FASA_23462.pdf','FACTURA_A_FASA_23462.xml','240-3537-2012066','','',NULL,NULL,NULL,NULL,NULL,'jmedellin@unidc.com,factnld@unidc.com,veronicae@unidc.com,auxfactnld2@unidc.com,aux_factmx@unidc.com','NO',0,NULL,'',NULL,NULL,NULL,NULL),('UIS960617SX0','FACTURA_A','FASA',23463,'RDM900101F20','R.R. DONNELLEY DE MEXICO S DE RL DE CV','2012-08-30 10:33:09',21580,2012,101.75,1026.75,1,'I','','','','FACTURA_A_FASA_23463.pdf','FACTURA_A_FASA_23463.xml','240-3537-2012068','','',NULL,NULL,NULL,NULL,NULL,'jmedellin@unidc.com,factnld@unidc.com,veronicae@unidc.com,auxfactnld2@unidc.com,aux_factmx@unidc.com','NO',0,NULL,'',NULL,NULL,NULL,NULL),('UIS960617SX0','FACTURA_A','FASA',23492,'SME940415JQ1','STRYKER MEXICO, S.A. DE C.V.','2012-08-30 12:12:34',21580,2012,172.71,1742.83,1,'I','','','','FACTURA_A_FASA_23492.pdf','FACTURA_A_FASA_23492.xml','240-3537-2010666','','',NULL,NULL,NULL,NULL,NULL,'jmedellin@unidc.com,factnld@unidc.com,veronicae@unidc.com,auxfactnld2@unidc.com,aux_factmx@unidc.com,importsmx@stryker.com','NO',0,NULL,'',NULL,NULL,NULL,NULL),('UIS960617SX0','FACTURA_A','FASA',23470,'ETE950324R23','EDITORIAL TELEVISA, S.A. DE C.V.','2012-08-30 11:21:00',21580,2012,122.22,1233.29,1,'I','','','','FACTURA_A_FASA_23470.pdf','FACTURA_A_FASA_23470.xml','240-3537-2011985','','',NULL,NULL,NULL,NULL,NULL,'jmedellin@unidc.com,factnld@unidc.com,veronicae@unidc.com,auxfactnld2@unidc.com,aux_factmx@unidc.com','NO',0,NULL,'',NULL,NULL,NULL,NULL),('UIS960617SX0','FACTURA_A','FASA',23472,'HAM830922IC4','HUTCHINSON AUTOPARTES MEXICO, S.A. DE C.V.','2012-08-30 11:27:13',21580,2012,160.40,1618.62,1,'I','','','','FACTURA_A_FASA_23472.pdf','FACTURA_A_FASA_23472.xml','240-3537-2012103','','',NULL,NULL,NULL,NULL,NULL,'jmedellin@unidc.com,factnld@unidc.com,veronicae@unidc.com,auxfactnld2@unidc.com,aux_factmx@unidc.com','NO',0,NULL,'',NULL,NULL,NULL,NULL),('UIS960617SX0','FACTURA_A','FASA',23473,'HAM830922IC4','HUTCHINSON AUTOPARTES MEXICO, S.A. DE C.V.','2012-08-30 11:30:51',21580,2012,276.82,2793.37,1,'I','','','','FACTURA_A_FASA_23473.pdf','FACTURA_A_FASA_23473.xml','240-3537-2012109','','',NULL,NULL,NULL,NULL,NULL,'jmedellin@unidc.com,factnld@unidc.com,veronicae@unidc.com,auxfactnld2@unidc.com,aux_factmx@unidc.com','NO',0,NULL,'',NULL,NULL,NULL,NULL),('UIS960617SX0','FACTURA_A','FASA',23474,'HAM830922IC4','HUTCHINSON AUTOPARTES MEXICO, S.A. DE C.V.','2012-08-30 11:33:54',21580,2012,68.75,693.75,1,'I','','','','FACTURA_A_FASA_23474.pdf','FACTURA_A_FASA_23474.xml','240-3537-2012087','','',NULL,NULL,NULL,NULL,NULL,'jmedellin@unidc.com,factnld@unidc.com,veronicae@unidc.com,auxfactnld2@unidc.com,aux_factmx@unidc.com','NO',0,NULL,'',NULL,NULL,NULL,NULL),('UIS960617SX0','FACTURA_A','FASA',23475,'HAM830922IC4','HUTCHINSON AUTOPARTES MEXICO, S.A. DE C.V.','2012-08-30 11:36:14',21580,2012,68.75,693.75,1,'I','','','','FACTURA_A_FASA_23475.pdf','FACTURA_A_FASA_23475.xml','240-3537-2012115','','',NULL,NULL,NULL,NULL,NULL,'jmedellin@unidc.com,factnld@unidc.com,veronicae@unidc.com,auxfactnld2@unidc.com,aux_factmx@unidc.com','NO',0,NULL,'',NULL,NULL,NULL,NULL),('UIS960617SX0','FACTURA_A','FASA',23476,'HAM830922IC4','HUTCHINSON AUTOPARTES MEXICO, S.A. DE C.V.','2012-08-30 11:37:38',21580,2012,68.75,693.75,1,'I','','','','FACTURA_A_FASA_23476.pdf','FACTURA_A_FASA_23476.xml','240-3537-2012067','','',NULL,NULL,NULL,NULL,NULL,'jmedellin@unidc.com,factnld@unidc.com,veronicae@unidc.com,auxfactnld2@unidc.com,aux_factmx@unidc.com','NO',0,NULL,'',NULL,NULL,NULL,NULL),('UIS960617SX0','FACTURA_A','FASA',23477,'HAM830922IC4','HUTCHINSON AUTOPARTES MEXICO, S.A. DE C.V.','2012-08-30 11:39:28',21580,2012,68.75,693.75,1,'I','','','','FACTURA_A_FASA_23477.pdf','FACTURA_A_FASA_23477.xml','240-3537-2012117','','',NULL,NULL,NULL,NULL,NULL,'jmedellin@unidc.com,factnld@unidc.com,veronicae@unidc.com,auxfactnld2@unidc.com,aux_factmx@unidc.com','NO',0,NULL,'',NULL,NULL,NULL,NULL),('UIS960617SX0','FACTURA_A','FASA',23478,'HAM830922IC4','HUTCHINSON AUTOPARTES MEXICO, S.A. DE C.V.','2012-08-30 11:40:50',21580,2012,68.75,693.75,1,'I','','','','FACTURA_A_FASA_23478.pdf','FACTURA_A_FASA_23478.xml','240-3537-2012086','','',NULL,NULL,NULL,NULL,NULL,'jmedellin@unidc.com,factnld@unidc.com,veronicae@unidc.com,auxfactnld2@unidc.com,aux_factmx@unidc.com','NO',0,NULL,'',NULL,NULL,NULL,NULL),('UIS960617SX0','FACTURA_A','FASA',23479,'HAM830922IC4','HUTCHINSON AUTOPARTES MEXICO, S.A. DE C.V.','2012-08-30 11:42:31',21580,2012,68.75,693.75,1,'I','','','','FACTURA_A_FASA_23479.pdf','FACTURA_A_FASA_23479.xml','240-3537-2012118','','',NULL,NULL,NULL,NULL,NULL,'jmedellin@unidc.com,factnld@unidc.com,veronicae@unidc.com,auxfactnld2@unidc.com,aux_factmx@unidc.com','NO',0,NULL,'',NULL,NULL,NULL,NULL),('UIS960617SX0','FACTURA_A','FASA',23480,'HAM830922IC4','HUTCHINSON AUTOPARTES MEXICO, S.A. DE C.V.','2012-08-30 11:50:16',21580,2012,433.08,4370.17,1,'I','','','','FACTURA_A_FASA_23480.pdf','FACTURA_A_FASA_23480.xml','240-3537-2012114','','',NULL,NULL,NULL,NULL,NULL,'jmedellin@unidc.com,factnld@unidc.com,veronicae@unidc.com,auxfactnld2@unidc.com,aux_factmx@unidc.com','NO',0,NULL,'',NULL,NULL,NULL,NULL),('UIS960617SX0','FACTURA_A','FASA',23481,'HAM830922IC4','HUTCHINSON AUTOPARTES MEXICO, S.A. DE C.V.','2012-08-30 11:52:22',21580,2012,68.75,693.75,1,'I','','','','FACTURA_A_FASA_23481.pdf','FACTURA_A_FASA_23481.xml','240-3537-2012098','','',NULL,NULL,NULL,NULL,NULL,'jmedellin@unidc.com,factnld@unidc.com,veronicae@unidc.com,auxfactnld2@unidc.com,aux_factmx@unidc.com','NO',0,NULL,'',NULL,NULL,NULL,NULL),('UIS960617SX0','FACTURA_A','FASA',23482,'HAM830922IC4','HUTCHINSON AUTOPARTES MEXICO, S.A. DE C.V.','2012-08-30 11:54:02',21580,2012,68.75,693.75,1,'I','','','','FACTURA_A_FASA_23482.pdf','FACTURA_A_FASA_23482.xml','240-3537-2012099','','',NULL,NULL,NULL,NULL,NULL,'jmedellin@unidc.com,factnld@unidc.com,veronicae@unidc.com,auxfactnld2@unidc.com,aux_factmx@unidc.com','NO',0,NULL,'',NULL,NULL,NULL,NULL),('UIS960617SX0','FACTURA_A','FASA',23483,'HAM830922IC4','HUTCHINSON AUTOPARTES MEXICO, S.A. DE C.V.','2012-08-30 11:55:23',21580,2012,68.75,693.75,1,'I','','','','FACTURA_A_FASA_23483.pdf','FACTURA_A_FASA_23483.xml','240-3537-2012102','','',NULL,NULL,NULL,NULL,NULL,'jmedellin@unidc.com,factnld@unidc.com,veronicae@unidc.com,auxfactnld2@unidc.com,aux_factmx@unidc.com','NO',0,NULL,'',NULL,NULL,NULL,NULL),('UIS960617SX0','FACTURA_A','FASA',23484,'HAM830922IC4','HUTCHINSON AUTOPARTES MEXICO, S.A. DE C.V.','2012-08-30 11:57:17',21580,2012,68.75,693.75,1,'I','','','','FACTURA_A_FASA_23484.pdf','FACTURA_A_FASA_23484.xml','240-3537-2012122','','',NULL,NULL,NULL,NULL,NULL,'jmedellin@unidc.com,factnld@unidc.com,veronicae@unidc.com,auxfactnld2@unidc.com,aux_factmx@unidc.com','NO',0,NULL,'',NULL,NULL,NULL,NULL),('UIS960617SX0','FACTURA_A','FASA',23485,'HAM830922IC4','HUTCHINSON AUTOPARTES MEXICO, S.A. DE C.V.','2012-08-30 11:58:45',21580,2012,68.75,693.75,1,'I','','','','FACTURA_A_FASA_23485.pdf','FACTURA_A_FASA_23485.xml','240-3537-2012097','','',NULL,NULL,NULL,NULL,NULL,'jmedellin@unidc.com,factnld@unidc.com,veronicae@unidc.com,auxfactnld2@unidc.com,aux_factmx@unidc.com','NO',0,NULL,'',NULL,NULL,NULL,NULL),('UIS960617SX0','FACTURA_A','FASA',23486,'HAM830922IC4','HUTCHINSON AUTOPARTES MEXICO, S.A. DE C.V.','2012-08-30 12:00:01',21580,2012,68.75,693.75,1,'I','','','','FACTURA_A_FASA_23486.pdf','FACTURA_A_FASA_23486.xml','240-3537-2012092','','',NULL,NULL,NULL,NULL,NULL,'jmedellin@unidc.com,factnld@unidc.com,veronicae@unidc.com,auxfactnld2@unidc.com,aux_factmx@unidc.com','NO',0,NULL,'',NULL,NULL,NULL,NULL),('UIS960617SX0','FACTURA_A','FASA',23487,'HAM830922IC4','HUTCHINSON AUTOPARTES MEXICO, S.A. DE C.V.','2012-08-30 12:02:19',21580,2012,68.75,693.75,1,'I','','','','FACTURA_A_FASA_23487.pdf','FACTURA_A_FASA_23487.xml','240-3537-2012095','','',NULL,NULL,NULL,NULL,NULL,'jmedellin@unidc.com,factnld@unidc.com,veronicae@unidc.com,auxfactnld2@unidc.com,aux_factmx@unidc.com','NO',0,NULL,'',NULL,NULL,NULL,NULL),('UIS960617SX0','FACTURA_A','FASA',23488,'HAM830922IC4','HUTCHINSON AUTOPARTES MEXICO, S.A. DE C.V.','2012-08-30 12:03:48',21580,2012,68.75,693.75,1,'I','','','','FACTURA_A_FASA_23488.pdf','FACTURA_A_FASA_23488.xml','240-3537-2012120','','',NULL,NULL,NULL,NULL,NULL,'jmedellin@unidc.com,factnld@unidc.com,veronicae@unidc.com,auxfactnld2@unidc.com,aux_factmx@unidc.com','NO',0,NULL,'',NULL,NULL,NULL,NULL),('UIS960617SX0','FACTURA_A','FASA',23489,'HAM830922IC4','HUTCHINSON AUTOPARTES MEXICO, S.A. DE C.V.','2012-08-30 12:05:42',21580,2012,68.75,693.75,1,'I','','','','FACTURA_A_FASA_23489.pdf','FACTURA_A_FASA_23489.xml','240-3537-2012093','','',NULL,NULL,NULL,NULL,NULL,'jmedellin@unidc.com,factnld@unidc.com,veronicae@unidc.com,auxfactnld2@unidc.com,aux_factmx@unidc.com','NO',0,NULL,'',NULL,NULL,NULL,NULL),('UIS960617SX0','FACTURA_A','FASA',23491,'HAM830922IC4','HUTCHINSON AUTOPARTES MEXICO, S.A. DE C.V.','2012-08-30 12:10:49',21580,2012,68.75,693.75,1,'I','','','','FACTURA_A_FASA_23491.pdf','FACTURA_A_FASA_23491.xml','240-3537-2012096','','',NULL,NULL,NULL,NULL,NULL,'jmedellin@unidc.com,factnld@unidc.com,veronicae@unidc.com,auxfactnld2@unidc.com,aux_factmx@unidc.com','NO',0,NULL,'',NULL,NULL,NULL,NULL),('UIS960617SX0','FACTURA_A','FASA',23493,'RDM900101F20','R.R. DONNELLEY DE MEXICO S DE RL DE CV','2012-08-30 12:21:44',21580,2012,330.00,3330.00,1,'I','','','','FACTURA_A_FASA_23493.pdf','FACTURA_A_FASA_23493.xml','240-3537-2012044','','',NULL,NULL,NULL,NULL,NULL,'jmedellin@unidc.com,factnld@unidc.com,veronicae@unidc.com,auxfactnld2@unidc.com,aux_factmx@unidc.com','NO',0,NULL,'',NULL,NULL,NULL,NULL),('UIS960617SX0','FACTURA_A','FASA',23494,'RDM900101F20','R.R. DONNELLEY DE MEXICO S DE RL DE CV','2012-08-30 12:25:09',21580,2012,330.00,3330.00,1,'I','','','','FACTURA_A_FASA_23494.pdf','FACTURA_A_FASA_23494.xml','240-3537-2012047','','',NULL,NULL,NULL,NULL,NULL,'jmedellin@unidc.com,factnld@unidc.com,veronicae@unidc.com,auxfactnld2@unidc.com,aux_factmx@unidc.com','NO',0,NULL,'',NULL,NULL,NULL,NULL),('UIS960617SX0','FACTURA_A','FASA',23495,'RDM900101F20','R.R. DONNELLEY DE MEXICO S DE RL DE CV','2012-08-30 12:27:23',21580,2012,330.00,3330.00,1,'I','','','','FACTURA_A_FASA_23495.pdf','FACTURA_A_FASA_23495.xml','240-3537-2012048','','',NULL,NULL,NULL,NULL,NULL,'jmedellin@unidc.com,factnld@unidc.com,veronicae@unidc.com,auxfactnld2@unidc.com,aux_factmx@unidc.com','NO',0,NULL,'',NULL,NULL,NULL,NULL),('UIS960617SX0','FACTURA_A','FASA',23497,'GPS060627J53','GLOBAL PRODUCTS SUPPLY, S.A. DE C.V.','2012-08-30 12:31:12',21580,2012,144.08,1453.86,1,'I','','','','FACTURA_A_FASA_23497.pdf','FACTURA_A_FASA_23497.xml','240-3537-2012116','','',NULL,NULL,NULL,NULL,NULL,'jmedellin@unidc.com,factnld@unidc.com,veronicae@unidc.com,auxfactnld2@unidc.com,aux_factmx@unidc.com','NO',0,NULL,'',NULL,NULL,NULL,NULL),('UIS960617SX0','FACTURA_A','FASA',23498,'WME971117LJ8','.INTERNATIONAL PAPER EMP IND MEXICO SRL CV','2012-08-30 12:33:08',21580,2012,63.25,638.25,1,'I','','','','FACTURA_A_FASA_23498.pdf','FACTURA_A_FASA_23498.xml','240-3537-2011816','','',NULL,NULL,NULL,NULL,NULL,'jmedellin@unidc.com,factnld@unidc.com,veronicae@unidc.com,auxfactnld2@unidc.com,aux_factmx@unidc.com','NO',0,NULL,'',NULL,NULL,NULL,NULL),('UIS960617SX0','FACTURA_A','FASA',23499,'RDM900101F20','R.R. DONNELLEY DE MEXICO S DE RL DE CV','2012-08-30 12:47:22',21580,2012,0.00,0.00,1,'I','','','','FACTURA_A_FASA_23499.pdf','FACTURA_A_FASA_23499.xml','240-3537-2010975','','',NULL,NULL,NULL,NULL,NULL,'jmedellin@unidc.com,factnld@unidc.com,veronicae@unidc.com,auxfactnld2@unidc.com,aux_factmx@unidc.com','NO',0,NULL,'',NULL,NULL,NULL,NULL),('UIS960617SX0','FACTURA_A','FASA',23500,'GPP780802NQ4','GRAHAM PACKAGING PLASTIC PRODUCTS DE MEXICO SRL CV','2012-08-30 15:00:22',21580,2012,2792.61,21503.61,1,'I','','','','FACTURA_A_FASA_23500.pdf','FACTURA_A_FASA_23500.xml','240-3537-2010896','','',NULL,NULL,NULL,NULL,NULL,'jmedellin@unidc.com,factnld@unidc.com,veronicae@unidc.com,auxfactnld2@unidc.com,aux_factmx@unidc.com','NO',0,NULL,'',NULL,NULL,NULL,NULL),('UIS960617SX0','FACTURA_A','FASA',23501,'GPP780802NQ4','GRAHAM PACKAGING PLASTIC PRODUCTS DE MEXICO SRL CV','2012-08-30 15:06:15',21580,2012,70.95,715.95,1,'I','','','','FACTURA_A_FASA_23501.pdf','FACTURA_A_FASA_23501.xml','240-3537-2011891','','',NULL,NULL,NULL,NULL,NULL,'jmedellin@unidc.com,factnld@unidc.com,veronicae@unidc.com,auxfactnld2@unidc.com,aux_factmx@unidc.com','NO',0,NULL,'',NULL,NULL,NULL,NULL),('UIS960617SX0','NOTA DE CREDITO','NCRE',182,'GCM750624815','GUALA CLOSURES DE MEXICO, S.A. DE C.V.','2012-08-23 17:20:17',250676,2010,0.00,6.11,1,'E','','','','NOTA_DE_CREDITO_NCRE_182.pdf','NOTA_DE_CREDITO_NCRE_182.xml','','','',NULL,NULL,NULL,NULL,NULL,'jmedellin@unidc.com,mayram@unidc.com,veronicae@unidc.com','NO',0,NULL,'',NULL,NULL,NULL,NULL),('UIS960617SX0','NOTA DE CREDITO','NCRE',183,'TTM021217I56','TECHNICAL TAPE MEXICO, S.A. DE C.V.','2012-08-23 17:21:41',250676,2010,0.00,3602.41,1,'E','','','','NOTA_DE_CREDITO_NCRE_183.pdf','NOTA_DE_CREDITO_NCRE_183.xml','','','',NULL,NULL,NULL,NULL,NULL,'jmedellin@unidc.com,mayram@unidc.com,veronicae@unidc.com','NO',0,NULL,'',NULL,NULL,NULL,NULL),('UIS960617SX0','NOTA DE CREDITO','NCRE',184,'NOT011226T29','NOTMUSA, S.A. DE C.V.','2012-08-23 17:23:51',250676,2010,475.70,4933.45,1,'E','','','','NOTA_DE_CREDITO_NCRE_184.pdf','NOTA_DE_CREDITO_NCRE_184.xml','','','',NULL,NULL,NULL,NULL,NULL,'jmedellin@unidc.com,mayram@unidc.com,veronicae@unidc.com','NO',0,NULL,'',NULL,NULL,NULL,NULL),('UIS960617SX0','NOTA DE CREDITO','NCRE',185,'PAP100122PA4','\"PAPETIERE\", S.A. DE C.V.','2012-08-23 17:25:43',250676,2010,863.51,6260.46,1,'E','','','','NOTA_DE_CREDITO_NCRE_185.pdf','NOTA_DE_CREDITO_NCRE_185.xml','','','',NULL,NULL,NULL,NULL,NULL,'jmedellin@unidc.com,mayram@unidc.com,veronicae@unidc.com','NO',0,NULL,'',NULL,NULL,NULL,NULL),('UIS960617SX0','NOTA DE CREDITO','NCRE',186,'ULM931214GD6','UTI LOGISTICS MEX, S.A. DE C.V.','2012-08-23 17:29:12',250676,2010,528.00,8256.30,1,'E','','','','NOTA_DE_CREDITO_NCRE_186.pdf','NOTA_DE_CREDITO_NCRE_186.xml','','','',NULL,NULL,NULL,NULL,NULL,'jmedellin@unidc.com,mayram@unidc.com,veronicae@unidc.com','NO',0,NULL,'',NULL,NULL,NULL,NULL),('UIS960617SX0','NOTA DE CREDITO','NCRE',187,'CME011128PB7','CORRUGADOS MERCURIO, S.A. DE C.V.','2012-08-22 17:32:08',250676,2010,7793.08,259304.93,1,'E','','','','NOTA_DE_CREDITO_NCRE_187.pdf','NOTA_DE_CREDITO_NCRE_187.xml','','','',NULL,NULL,NULL,NULL,NULL,'jmedellin@unidc.com,mayram@unidc.com,veronicae@unidc.com','NO',0,NULL,'',NULL,NULL,NULL,NULL),('UIS960617SX0','NOTA DE CREDITO','NCRE',188,'LAS070725BM6','LOGWIN AIR & OCEAN MEXICO, S.A. DE C.V.','2012-08-23 17:35:52',250676,2010,84.80,614.80,1,'E','','','','NOTA_DE_CREDITO_NCRE_188.pdf','NOTA_DE_CREDITO_NCRE_188.xml','','','',NULL,NULL,NULL,NULL,NULL,'jmedellin@unidc.com,mayram@unidc.com,veronicae@unidc.com','NO',0,NULL,'',NULL,NULL,NULL,NULL),('UIS960617SX0','NOTA DE CREDITO','NCRE',189,'ALM84030811A','ABBOTT LABORATORIES DE MEXICO, S.A. DE C.V.','2012-08-23 17:37:07',250676,2010,400.00,3395.00,1,'E','','','','NOTA_DE_CREDITO_NCRE_189.pdf','NOTA_DE_CREDITO_NCRE_189.xml','','','',NULL,NULL,NULL,NULL,NULL,'jmedellin@unidc.com,mayram@unidc.com,veronicae@unidc.com','NO',0,NULL,'',NULL,NULL,NULL,NULL),('UIS960617SX0','FACTURA_A','FASA',23469,'XPE980408QJ4','XPEDX, S.A. DE C.V.','2012-08-30 11:10:52',21580,2012,375.65,3790.65,1,'I','','','','FACTURA_A_FASA_23469.pdf','FACTURA_A_FASA_23469.xml','240-3537-2012045','','',NULL,NULL,NULL,NULL,NULL,'jmedellin@unidc.com,factnld@unidc.com,veronicae@unidc.com,auxfactnld2@unidc.com,aux_factmx@unidc.com','NO',0,NULL,'',NULL,NULL,NULL,NULL),('UIS960617SX0','FACTURA_A','FASA',23496,'GPS060627J53','GLOBAL PRODUCTS SUPPLY, S.A. DE C.V.','2012-08-30 12:29:34',21580,2012,166.81,1683.30,1,'I','','','','FACTURA_A_FASA_23496.pdf','FACTURA_A_FASA_23496.xml','240-3537-2011968','','',NULL,NULL,NULL,NULL,NULL,'jmedellin@unidc.com,factnld@unidc.com,veronicae@unidc.com,auxfactnld2@unidc.com,aux_factmx@unidc.com','NO',0,NULL,'',NULL,NULL,NULL,NULL),('UIS960617SX0','FACTURA_A','FASA',23471,'HAM830922IC4','HUTCHINSON AUTOPARTES MEXICO, S.A. DE C.V.','2012-08-30 11:23:16',21580,2012,63.25,638.25,1,'I','','','','FACTURA_A_FASA_23471.pdf','FACTURA_A_FASA_23471.xml','240-3537-2007448','','',NULL,NULL,NULL,NULL,NULL,'jmedellin@unidc.com,factnld@unidc.com,veronicae@unidc.com,auxfactnld2@unidc.com,aux_factmx@unidc.com','NO',0,NULL,'',NULL,NULL,NULL,NULL),('UIS960617SX0','FACTURA_A','FASA',23502,'ESC8911081Q8','ELEVADORES SCHINDLER, S.A. DE C.V.','2012-08-30 15:08:32',21580,2012,0.00,0.00,1,'I','','','','FACTURA_A_FASA_23502.pdf','FACTURA_A_FASA_23502.xml','240-3537-1005534','','',NULL,NULL,NULL,NULL,NULL,'jmedellin@unidc.com,factnld@unidc.com,veronicae@unidc.com,auxfactnld2@unidc.com,aux_factmx@unidc.com','NO',0,NULL,'',NULL,NULL,NULL,NULL),('UIS960617SX0','FACTURA_A','FASA',23490,'HAM830922IC4','HUTCHINSON AUTOPARTES MEXICO, S.A. DE C.V.','2012-08-30 12:09:24',21580,2012,68.75,693.75,1,'I','','','','FACTURA_A_FASA_23490.pdf','FACTURA_A_FASA_23490.xml','240-3537-2012094','','',NULL,NULL,NULL,NULL,NULL,'jmedellin@unidc.com,factnld@unidc.com,veronicae@unidc.com,auxfactnld2@unidc.com,aux_factmx@unidc.com','NO',0,NULL,'',NULL,NULL,NULL,NULL),('UIS960617SX0','FACTURA_A','FASA',23503,'AOF091221BD9','ACTIVE OPORTUNITIES FOR COMMERCE, S.A. DE C.V.','2012-08-30 17:44:47',21580,2012,159.50,1609.50,1,'I','','','','FACTURA_A_FASA_23503.pdf','FACTURA_A_FASA_23503.xml','240-3537-2012016','','',NULL,NULL,NULL,NULL,NULL,'jmedellin@unidc.com,factnld@unidc.com,veronicae@unidc.com,auxfactnld2@unidc.com,aux_factmx@unidc.com','NO',0,NULL,'',NULL,NULL,NULL,NULL);

--
-- Dumping data for table `doctosexp`
--


--
-- Dumping data for table `emisor`
--

INSERT INTO `emisor` VALUES (1,'UIS960617SX0','UNIVERSAL INTERNATIONAL SERVICES, S.A. DE C.V.','','','','','','','','');

--
-- Dumping data for table `expediente`
--


--
-- Dumping data for table `folioscfd`
--


--
-- Dumping data for table `logconsultaweb`
--

INSERT INTO `logconsultaweb` VALUES ('admin','Descarga del documento: FACTURA_00004095.xml','2015-11-17 13:30:19',1,'Administrador','TEST130907CBA'),('admin','Documento FACTURA_A_458778547 enviado al (los) siguiente (s) destinatario (s): ebecerra@disxii.com','2015-11-17 13:35:02',2,'Administrador','TEST130907CBA'),('admin','Descarga del documento: FACTURA_00004094.xml','2015-11-23 14:09:03',3,'Administrador','TEST130907CBA'),('admin','Descarga del documento: FACTURA_A_100.pdf','2016-02-23 15:47:21',4,'Administrador','TEST130907CBA'),('admin','Documento FACTURA_A_020499 enviado al (los) siguiente (s) destinatario (s): ebecerra@disxii.com','2017-04-19 12:57:04',5,'Administrador','TEST130907CBA');

--
-- Dumping data for table `logenviaemail`
--

INSERT INTO `logenviaemail` VALUES (2,'jperez@disxii.com','TITULO - ESTE ES EL SUBJECT DEL CORREO',2);

--
-- Dumping data for table `logtxt`
--

INSERT INTO `logtxt` VALUES ('AAA010101AAA','FACTURA','',0),('AAA010101AAA','FACTURA','',117),('AAA010101AAA','FACTURA','',507195),('AAA010101AAA','FACTURA','',507196),('AAA010101AAA','FACTURA','',507197),('AAA010101AAA','FACTURA','',507198),('AAA010101AAA','FACTURA','A',1),('AAA010101AAA','FACTURA','A',20499),('AAA010101AAA','FACTURA','A',20500),('AAA010101AAA','FACTURA','A',20501),('AAA010101AAA','FACTURA','A',20502),('AAA010101AAA','FACTURA','A',617984),('AAA010101AAA','FACTURA','A',618067),('AAA010101AAA','FACTURA','B',5),('AAA010101AAA','FACTURA','CCE',200),('AAA010101AAA','FACTURA','CCE',9755),('AAA010101AAA','FACTURA','CCE',437102),('AAA010101AAA','FACTURA','CCE',437103),('AAA010101AAA','FACTURA','CCE',437104),('AAA010101AAA','FACTURA','CCEDISXII',1),('AAA010101AAA','FACTURA','CCEDISXII',2),('AAA010101AAA','FACTURA','CCEERICK',437123),('AAA010101AAA','FACTURA','DISXII',3),('AAA010101AAA','FACTURA','DISXII',191),('AAA010101AAA','FACTURA','DISXII',50071),('AAA010101AAA','FACTURA','Dk',19894),('AAA010101AAA','FACTURA','ERICK',9319),('AAA010101AAA','FACTURA','ERICK',9321),('AAA010101AAA','FACTURA','ERICK',9322),('AAA010101AAA','FACTURA','ERICK',9323),('AAA010101AAA','FACTURA','ERICK',9324),('AAA010101AAA','FACTURA','ERICK',9325),('AAA010101AAA','FACTURA','ERICK',9326),('AAA010101AAA','FACTURA','ERICK',9327),('AAA010101AAA','FACTURA','ERICK',9330),('AAA010101AAA','FACTURA','ERICK',9331),('AAA010101AAA','FACTURA','ERICK',9332),('AAA010101AAA','FACTURA','ERICK',9333),('AAA010101AAA','FACTURA','ERICK',9340),('AAA010101AAA','FACTURA','ERICK',9341),('AAA010101AAA','FACTURA','ERICK',9342),('AAA010101AAA','FACTURA','ERICK',9343),('AAA010101AAA','FACTURA','ERICK',9345),('AAA010101AAA','FACTURA','ERICK',9346),('AAA010101AAA','FACTURA','ERICK',9347),('AAA010101AAA','FACTURA','ERICK',9348),('AAA010101AAA','FACTURA','ERICK',9349),('AAA010101AAA','FACTURA','ERICK',9350),('AAA010101AAA','FACTURA','ERICK',9351),('AAA010101AAA','FACTURA','ERICK',9352),('AAA010101AAA','FACTURA','ERICK',9353),('AAA010101AAA','FACTURA','ERICK',9354),('AAA010101AAA','FACTURA','ERICK',9355),('AAA010101AAA','FACTURA','ERICK',9356),('AAA010101AAA','FACTURA','ERICK',9357),('AAA010101AAA','FACTURA','ERICK',9755),('AAA010101AAA','FACTURA','ERICK',437101),('AAA010101AAA','FACTURA','ERICK',437102),('AAA010101AAA','FACTURA','ERICK',507199),('AAA010101AAA','FACTURA','ERICK',507200),('AAA010101AAA','FACTURA','ERICK',507201),('AAA010101AAA','FACTURA','ERICK',24578921),('AAA010101AAA','FACTURA','ERICKCCE',5),('AAA010101AAA','FACTURA','FHE',1108),('AAA010101AAA','FACTURA','FHE',1109),('AAA010101AAA','FACTURA','FHE',1124),('AAA010101AAA','FACTURA','FMTY',30495),('AAA010101AAA','FACTURA','GANON',1),('AAA010101AAA','FACTURA','GANON',2),('AAA010101AAA','FACTURA','GANON',3),('AAA010101AAA','FACTURA','GANON',4),('AAA010101AAA','FACTURA','GANON',11),('AAA010101AAA','FACTURA','GANON',12),('AAA010101AAA','FACTURA','GANON',13),('AAA010101AAA','FACTURA','GMX',50061),('AAA010101AAA','FACTURA','GMX',50062),('AAA010101AAA','FACTURA','GMX',50063),('AAA010101AAA','FACTURA','GMX',50064),('AAA010101AAA','FACTURA','GMX',50065),('AAA010101AAA','FACTURA','GMX',50066),('AAA010101AAA','FACTURA','GMX',50067),('AAA010101AAA','FACTURA','GMX',50068),('AAA010101AAA','FACTURA','GMX',50830),('AAA010101AAA','FACTURA','GMX',50831),('AAA010101AAA','FACTURA','I',189),('AAA010101AAA','FACTURA','I',190),('AAA010101AAA','FACTURA','I',269064),('AAA010101AAA','FACTURA','IME',18703),('AAA010101AAA','FACTURA','IME',18704),('AAA010101AAA','FACTURA','IX',192),('AAA010101AAA','FACTURA','M',282078),('AAA010101AAA','FACTURA','M',282079),('AAA010101AAA','FACTURA','M',282080),('AAA010101AAA','FACTURA','SG',1043436),('AAA010101AAA','FACTURA','SG',1043518),('AAA010101AAA','FACTURA','SO',1042839),('AAA010101AAA','FACTURA','SO',1042936),('AAA010101AAA','FACTURA','SO',1043154),('AAA010101AAA','FACTURA','SO',1043155),('AAA010101AAA','FACTURA','SO',1043183),('AAA010101AAA','FACTURA','SO',1043449),('AAA010101AAA','FACTURA','SO',1043651),('AAA010101AAA','FACTURA','SO',1043653),('AAA010101AAA','FACTURA','SX',1043628),('AAA010101AAA','FACTURA','TEST',9316),('AAA010101AAA','FACTURA','TEST',9317),('AAA010101AAA','FACTURA','TEST',9318),('AAA010101AAA','FACTURA','VAH',16748),('AAA010101AAA','FACTURA','VAH',16749),('AAA010101AAA','FACTURA','WETLINE',20500),('AAA010101AAA','FACTURA','WETLINE',20501),('AAA010101AAA','FACTURA','WETLINE',20503),('AAA010101AAA','FACTURA','ZA',198941),('AAA010101AAA','FACTURA','ZA',198942),('AAA010101AAA','RECIBO DE NOMINA','',1),('AAA010101AAA','RECIBO DE NOMINA','A',20171001),('AAA010101AAA','RECIBO DE NOMINA','A',20171002),('AAA010101AAA','RECIBO DE NOMINA','A',201710002),('AAA010101AAA','RECIBO DE NOMINA','A',2017100002),('AAA010101AAA','RECIBO DE NOMINA','DNOM',1),('AAA010101AAA','RECIBO DE NOMINA','DNOM',2),('AAA010101AAA','RECIBO DE NOMINA','DNOM',3),('AAA010101AAA','RECIBO DE NOMINA','DNOM',4),('AAA010101AAA','RECIBO DE NOMINA','DNOMINA',10),('AAA010101AAA','RECIBO DE NOMINA','DNOMINA',11),('AAA010101AAA','RECIBO DE NOMINA','DNOMINA',12),('AAA010101AAA','RECIBO DE NOMINA','DNOMINA',13),('AAA010101AAA','RECIBO DE NOMINA','DNOMINA',19),('AAA010101AAA','RECIBO DE NOMINA','EBECERRA',1),('AAA010101AAA','RECIBO DE NOMINA','ENOMINA',1),('AAA010101AAA','RECIBO DE NOMINA','ENOMINA',2),('AAA010101AAA','RECIBO DE NOMINA','HONASI',4581),('AAA010101AAA','RECIBO DE NOMINA','HONASI',4585),('AAA010101AAA','RECIBO DE NOMINA','N',1),('AAA010101AAA','RECIBO DE NOMINA','N',2),('AAA010101AAA','RECIBO DE NOMINA','N',3),('AAA010101AAA','RECIBO DE NOMINA','N',4),('AAA010101AAA','RECIBO DE NOMINA','N',358),('AAA010101AAA','RECIBO DE NOMINA','N',359),('AAA010101AAA','RECIBO DE NOMINA','N',400),('AAA010101AAA','RECIBO DE NOMINA','NOM',4511),('AAA010101AAA','RECIBO DE NOMINA','NOM',4544),('AAA010101AAA','RECIBO DE NOMINA','NOM',4550),('AAA010101AAA','RECIBO DE NOMINA','NOM',4551),('AAA010101AAA','RECIBO DE NOMINA','NOM',4552),('AAA010101AAA','RECIBO DE NOMINA','NOM',4553),('AAA010101AAA','RECIBO DE NOMINA','NOM',4554),('AAA010101AAA','RECIBO DE NOMINA','NOM',4555),('AAA010101AAA','RECIBO DE NOMINA','NOM',4580),('AAA010101AAA','RECIBO DE NOMINA','NOM',4582),('AAA010101AAA','RECIBO DE NOMINA','NOM',4586),('AAA010101AAA','RECIBO DE NOMINA','NOM',5703),('AAA010101AAA','RECIBO DE NOMINA','ONOMINA',5),('AAA010101AAA','RECIBO DE NOMINA','ONOMINA',6),('AAA010101AAA','RECIBO DE NOMINA','ONOMINA',7),('AAA010101AAA','RECIBO DE NOMINA','ONOMINA',8),('AAA010101AAA','RECIBO DE NOMINA','ONOMINA',9),('AAA010101AAA','RECIBO DE NOMINA','ONOMINA',10),('AAA010101AAA','RECIBO DE NOMINA','ONOMINA',11),('AAA010101AAA','RECIBO DE NOMINA','ONOMINA',12),('AAA010101AAA','RECIBO DE NOMINA','ONOMINA',13),('AAA010101AAA','RECIBO DE NOMINA','ONOMINA',14),('AAA010101AAA','RETENCIONES','',0),('AAA010101AAA','RETENCIONES','DCP',2),('AAA010101AAA','RETENCIONES','FS',1),('AAA010101AAA','RETENCIONES','FS',2),('AAA010101AAA','RETENCIONES','FS',3),('AAA010101AAA','RETENCIONES','FS',4),('AAA010101AAA','RETENCIONES','RETE',1),('AAA010101AAA','RETENCIONES','RETE',10),('AAA010101AAA','RETENCIONES','RETE',11),('AAA010101AAA','RETENCIONES','RETE',12),('AAA010101AAA','RETENCIONES','RETN',1),('AAA010101AAA','RETENCIONES','WET',1),('AAA010101AAA','RETENCIONES','WET',2),('AAA010101AAA','RETENCIONES','WET',3),('AAA010101AAA','RETENCIONES','WET',4),('AAD990814BP7','FACTURA','',437457),('AAD990814BP7','FACTURA','',437458),('AAD990814BP7','FACTURA','',437522),('AAD990814BP7','FACTURA','',437524),('AAD990814BP7','FACTURA','',437527),('AAD990814BP7','FACTURA','A',3),('AAD990814BP7','FACTURA','A',4),('AAD990814BP7','FACTURA','A',5),('AAD990814BP7','FACTURA','A',6),('AAD990814BP7','FACTURA','A',7),('AAD990814BP7','FACTURA','A',8),('AAD990814BP7','FACTURA','A',9),('AAD990814BP7','FACTURA','A',12),('AAD990814BP7','FACTURA','A',13),('AAD990814BP7','FACTURA','A',18),('AAD990814BP7','FACTURA','A',17411),('AAD990814BP7','FACTURA','A',99988895),('AAD990814BP7','FACTURA','CCEERICK',437123),('AAD990814BP7','FACTURA','E',1),('AAD990814BP7','FACTURA','E',91),('AAD990814BP7','FACTURA','E',92),('AAD990814BP7','FACTURA','E',93),('AAD990814BP7','FACTURA','E',3535),('AAD990814BP7','FACTURA','E',20413),('AAD990814BP7','FACTURA','ERICK',1),('AAD990814BP7','FACTURA','ERICK',4),('AAD990814BP7','FACTURA','ERICK',5),('AAD990814BP7','FACTURA','ERICK',6),('AAD990814BP7','FACTURA','ERICK',94),('AAD990814BP7','FACTURA','ERICK',1598),('AAD990814BP7','FACTURA','ERICK',1599),('AAD990814BP7','FACTURA','ERICK',1600),('AAD990814BP7','FACTURA','ERICK',1601),('AAD990814BP7','FACTURA','ERICK',1602),('AAD990814BP7','FACTURA','ERICK',1603),('AAD990814BP7','FACTURA','ERICK',1604),('AAD990814BP7','FACTURA','ERICK',1605),('AAD990814BP7','FACTURA','ERICK',1606),('AAD990814BP7','FACTURA','ERICK',1607),('AAD990814BP7','FACTURA','ERICK',1608),('AAD990814BP7','FACTURA','ERICK',2370),('AAD990814BP7','FACTURA','ERICK',3536),('AAD990814BP7','FACTURA','ERICK',3537),('AAD990814BP7','FACTURA','ERICK',3538),('AAD990814BP7','FACTURA','ERICK',3539),('AAD990814BP7','FACTURA','ERICK',3540),('AAD990814BP7','FACTURA','ERICK',3541),('AAD990814BP7','FACTURA','ERICK',3542),('AAD990814BP7','FACTURA','ERICK',3543),('AAD990814BP7','FACTURA','ERICK',3544),('AAD990814BP7','FACTURA','ERICK',3545),('AAD990814BP7','FACTURA','ERICK',3546),('AAD990814BP7','FACTURA','ERICK',3548),('AAD990814BP7','FACTURA','ERICK',3549),('AAD990814BP7','FACTURA','ERICK',5491),('AAD990814BP7','FACTURA','ERICK',5492),('AAD990814BP7','FACTURA','ERICK',5493),('AAD990814BP7','FACTURA','ERICK',5494),('AAD990814BP7','FACTURA','ERICK',5495),('AAD990814BP7','FACTURA','ERICK',5496),('AAD990814BP7','FACTURA','ERICK',12386),('AAD990814BP7','FACTURA','ERICK',51350),('AAD990814BP7','FACTURA','ERICK',51450),('AAD990814BP7','FACTURA','ERICK',194659),('AAD990814BP7','FACTURA','ERICK',194660),('AAD990814BP7','FACTURA','ERICK',437100),('AAD990814BP7','FACTURA','ERICK',437101),('AAD990814BP7','FACTURA','ERICK',437102),('AAD990814BP7','FACTURA','ERICK',437122),('AAD990814BP7','FACTURA','ERICK',5437101),('AAD990814BP7','FACTURA','ERICK',99988895),('AAD990814BP7','FACTURA','ERICK',99988896),('AAD990814BP7','FACTURA','ERICK',99988897),('AAD990814BP7','FACTURA','ERICK',99988898),('AAD990814BP7','FACTURA','ERICK',99988899),('AAD990814BP7','FACTURA','ERICK',99988900),('AAD990814BP7','FACTURA','ERICK',99988901),('AAD990814BP7','FACTURA','ERICK',99988902),('AAD990814BP7','FACTURA','ERICK',99988903),('AAD990814BP7','FACTURA','ERICK',99988904),('AAD990814BP7','FACTURA','ERICK',99988905),('AAD990814BP7','FACTURA','ERICK',99988906),('AAD990814BP7','FACTURA','ERICK',99988907),('AAD990814BP7','FACTURA','ERICK',99988908),('AAD990814BP7','FACTURA','ERICK',99988909),('AAD990814BP7','FACTURA','ERICK',99988910),('AAD990814BP7','FACTURA','ERICK',99988940),('AAD990814BP7','FACTURA','ERICK',99988941),('AAD990814BP7','FACTURA','ERICK',99988942),('AAD990814BP7','FACTURA','ERICK',99988943),('AAD990814BP7','FACTURA','ERICK',1000002373),('AAD990814BP7','FACTURA','ERICK',1000002374),('AAD990814BP7','FACTURA','ERICK',1000002375),('AAD990814BP7','FACTURA','ERICK',1000002376),('AAD990814BP7','FACTURA','ERICK',1000002377),('AAD990814BP7','FACTURA','ERICK',1000002379),('AAD990814BP7','FACTURA','ERICK',1000002380),('AAD990814BP7','FACTURA','ERICK',1000002381),('AAD990814BP7','FACTURA','ERICK',1000002382),('AAD990814BP7','FACTURA','ERICK',1000002383),('AAD990814BP7','FACTURA','ERICK',1000002384),('AAD990814BP7','FACTURA','ERICK',1000002385),('AAD990814BP7','FACTURA','ERICK',1000002386),('AAD990814BP7','FACTURA','ERICKCCE',1),('AAD990814BP7','FACTURA','ERICKCCE',2),('AAD990814BP7','FACTURA','ERICKCCE',3),('AAD990814BP7','FACTURA','ERICKCCE',4),('AAD990814BP7','FACTURA','ERICKCCE',5),('AAD990814BP7','FACTURA','I',262613),('AAD990814BP7','FACTURA','ONITY',123456789),('AAD990814BP7','FACTURA','ONITY',123456790),('AAD990814BP7','FACTURA','SAP',36903),('AAD990814BP7','FACTURA','SAP',51349),('AAD990814BP7','FACTURA','ZAD',3889),('AAD990814BP7','FACTURA','ZAD',3890),('AAD990814BP7','FACTURA','ZAD',3891),('AAD990814BP7','NOTA DE CREDITO','ERICK',4037),('AAD990814BP7','RECIBO DE NOMINA','EBECERRA',1),('ACS011226N7A','RECIBO DE NOMINA','ONOMINA',6),('DCP1008179J4','FACTURA','ERICK',437528),('DID130409GY1','FACTURA','',6416),('DID130409GY1','FACTURA','A',633849),('DID130409GY1','FACTURA','CCEDISXII',1),('DID130409GY1','FACTURA','CCEDISXII',2),('DID130409GY1','FACTURA','D',769),('DID130409GY1','FACTURA','D',770),('DID130409GY1','FACTURA','DISXII',65),('DID130409GY1','FACTURA','DISXII',194670),('DID130409GY1','FACTURA','ERICK',9364),('DID130409GY1','FACTURA','F',480),('DID130409GY1','FACTURA','I',194),('DID130409GY1','FACTURA','I',195),('DID130409GY1','FACTURA','I',196),('DID130409GY1','FACTURA','M',294872),('DID130409GY1','FACTURA','P',12),('DID130409GY1','FACTURA','P',18672),('DID130409GY1','FACTURA','PDISXII',18700),('DID130409GY1','FACTURA','PENTEL',10),('DID130409GY1','FACTURA','PENTEL',11),('DID130409GY1','FACTURA','PENTEL',13),('DID130409GY1','FACTURA','RI',7114411),('DID130409GY1','FACTURA','SER',1259),('DID130409GY1','FACTURA','SER',1260),('DID130409GY1','RECIBO DE NOMINA','DNOMINA',50),('DID130409GY1','RECIBO DE NOMINA','DNOMINA',51),('DID130409GY1','RECIBO DE NOMINA','DNOMINA',52),('DID130409GY1','RECIBO DE NOMINA','DNOMINA',53),('DID130409GY1','RECIBO DE NOMINA','NOM',5703),('DID130409GY1','RETENCIONES','FS',5),('DID130409GY1','RETENCIONES','R',15),('DID130409GY1','RETENCIONES','R',19),('DID130409GY1','RETENCIONES','R',20),('DID130409GY1','RETENCIONES','R',21),('HME730416IR3','FACTURA','ERICK',9324),('MOM920318GW1','FACTURA','ERICK',12387),('MOM920318GW1','FACTURA','FLEON',12386),('POZJ460308SC5','FACTURA','ERICK',9319),('POZJ460308SC5','FACTURA','ERICK',9321),('TDQ050718LT0','FACTURA','DISXII',50072),('TDQ050718LT0','FACTURA','ERICK',9358),('TDQ050718LT0','FACTURA','ERICK',9359),('TDQ050718LT0','FACTURA','ERICK',9360),('TDQ050718LT0','FACTURA','ERICK',9361),('TDQ050718LT0','FACTURA','ERICK',9362),('TDQ050718LT0','FACTURA','ERICK',9363),('TDQ050718LT0','FACTURA','ERICK',9364),('TEST130907CBA','FACTURA','A',3),('TEST130907CBA','FACTURA','A',5),('TEST130907CBA','FACTURA','A',18),('TEST130907CBA','FACTURA','A',19),('TEST130907CBA','FACTURA','A',20),('TEST130907CBA','FACTURA','A',23),('TEST130907CBA','FACTURA','ERICK',51350),('TEST130907CBA','FACTURA','ERICK',10002370),('TEST130907CBA','FACTURA','ERICK',99988907),('TEST130907CBA','FACTURA','IVAN',570),('TEST130907CBA','RECIBO DE NOMINA','',1),('TEST130907CBA','RECIBO DE NOMINA','',2);

--
-- Dumping data for table `perfiles`
--

INSERT INTO `perfiles` VALUES ('Administrador','Administrador del Sistema'),('restriccionRETS','Tendra Restricciones por RFC R, E, Tipo Doc, Serie'),('consulta','Solo Consulta Documentos'),('reportes','Solo Acceso a Reportes'),('nomina','Solo Nómina'),('Marbetes','Marbetes');

--
-- Dumping data for table `proveedores`
--


--
-- Dumping data for table `receptor`
--

INSERT INTO `receptor` VALUES (1,'XAXX010101000','Desarrollo Innovador de Sistemas','Lopez de Legazpi','1946','','18 de Marzo','Guadalajara','Jalisco','Mexico',''),(2,'TEST130907CBA','',NULL,NULL,NULL,NULL,NULL,NULL,NULL,NULL);

--
-- Dumping data for table `recibedoce`
--


--
-- Dumping data for table `resemitdocto`
--

INSERT INTO `resemitdocto` VALUES ('reportes',1,'FACTURA'),('restriccionRETS',1,'FACTURA');

--
-- Dumping data for table `resemitdoctoserie`
--

INSERT INTO `resemitdoctoserie` VALUES ('restriccionRETS',1,'FACTURA','A');

--
-- Dumping data for table `restxemi`
--

INSERT INTO `restxemi` VALUES ('nomina',1),('reportes',1),('restriccionRETS',1);

--
-- Dumping data for table `restxrec`
--

INSERT INTO `restxrec` VALUES ('restriccionRETS','MOJB810907ND4');

--
-- Dumping data for table `tdoctos`
--

INSERT INTO `tdoctos` VALUES (1,'FACTURA','http://localhost:8080/test/PDF/FACTURA/','http://localhost:8080/test/XML/FACTURA/','SI','Subtotal','','','SI','C:/DisXII/Prueba/Documentos/pdf/factura/','C:/DisXII/Prueba/Documentos/xml/factura/'),(1,'NOTA DE CREDITO','http://localhost:8080/test/PDF/NCREDITO/','http://localhost:8080/test/XML/NCREDITO/','SI','Total','','','SI','C:/DisXII/Prueba/Documentos/pdf/ncredito/','C:/DisXII/Prueba/Documentos/xml/ncredito/'),(1,'NOTA DE CARGO','http://localhost:8080/test/PDF/NCARGO/','http://localhost:8080/test/XML/NCARGO/','SI','','','','SI','C:/DisXII/Prueba/Documentos/pdf/ncargo/','C:/DisXII/Prueba/Documentos/xml/ncargo/'),(1,'RETENCIONES','http://localhost:8080/ret/PDF/RETENCIONES/','http://localhost:8080/ret/XML/RETENCIONES/','SI',NULL,NULL,NULL,'SI','',''),(2,'FACTURA','http://localhost:8080/test/PDF/FACTURA/','http://localhost:8080/test/XML/FACTURA/','SI',NULL,NULL,NULL,'SI','C:/DisXII/DisXIIN/Documentos/pdf/factura/','C:/DisXII/DisXIIN/Documentos/xml/factura/'),(1,'RECIBO DE NOMINA','http://localhost:8080/test/PDF/NOMINA/','http://localhost:8080/test/XML/NOMINA/','SI','','','','SI','C:/DisXII/Prueba/Documentos/pdf/nomina/','C:/DisXII/Prueba/Documentos/xml/nomina/'),(10,'FACTURA','http://localhost:8080/test/PDF/FACTURA/','http://localhost:8080/test/XML/FACTURA/','SI',NULL,NULL,NULL,'SI','C:/DisXII/Prueba/Documentos/pdf/factura/','C:/DisXII/Prueba/Documentos/xml/factura/');

--
-- Dumping data for table `tdoctos_exp`
--

INSERT INTO `tdoctos_exp` VALUES (1,'Pedimento'),(2,'CTA DE GTOS'),(7,'ANEXOS'),(8,'VU'),(9,'FACTURACION');

--
-- Dumping data for table `tdoctos_r`
--

INSERT INTO `tdoctos_r` VALUES (1,'INGRESO CFDI 3.2','http://localhost:8080/contElect/pdf/cfdi32/ingreso/','http://localhost:8080/contElect/XML/CFDI32/INGRESO/','','SI','C:/DISXII/RecibeCFD/Documentos/PDF/CFDI32/INGRESO/','C:/DISXII/RecibeCFD/Documentos/XML/CFDI32/INGRESO/'),(1,'EGRESO CFDI 3.2','http://localhost:8080/contElect/PDF/CFDI32/EGRESO/','http://localhost:8080/contElect/XML/CFDI32/EGRESO/','','SI','C:/DISXII/RecibeCFD/Documentos/PDF/CFDI32/EGRESO/','C:/DISXII/RecibeCFD/Documentos/XML/CFDI32/EGRESO/'),(1,'TRASLADO CFDI 3.2','http://localhost:8080/contElect/PDF/CFDI32/TRASLADO/','http://localhost:8080/contElect/XML/CFDI32/TRASLADO/','','SI','C:/DISXII/RecibeCFD/Documentos/PDF/CFDI32/TRASLADO/','C:/DISXII/RecibeCFD/Documentos/XML/CFDI32/TRASLADO/');

--
-- Dumping data for table `unidades`
--

INSERT INTO `unidades` VALUES ('caja'),('pieza');

--
-- Dumping data for table `usuarios`
--

INSERT INTO `usuarios` VALUES ('disxii','4090ee2e298b2276b728eaf62651aa8e','Administrador','A','Administrador del Sistema',NULL,'SI','SI','SI','SI','NO'),('admin','21232f297a57a5a743894a0e4a801fc3','Administrador','A','Administrador del Sistema','','SI','SI','SI','NO','SI'),('consulta','202cb962ac59075b964b07152d234b70','consulta','C','Usuario de Consulta','','NO','NO','SI','SI','NO'),('reporte','202cb962ac59075b964b07152d234b70','reportes','R','Reporte','','NO','NO','SI','SI','NO'),('facturista','202cb962ac59075b964b07152d234b70','nomina','C','facturista','','NO','NO','SI','NO','NO');

--
-- Dumping data for table `usuariosweb`
--

INSERT INTO `usuariosweb` VALUES ('admin','202cb962ac59075b964b07152d234b70','Administrador','SISTEMAS','TEST130907CBA','SI','2011-02-28 18:22:55','2017-06-23 09:25:23','SI','SI','SI','','ebecerra@disxii.com',2,'31224005','','','','Todos!','TODOS','TEST130907CBA','1','1',0,0,1),('tcm','202cb962ac59075b964b07152d234b70','TCM','TEST4','TCM951030A17','NO','2016-07-07 16:31:39','0000-00-00 00:00:00','NO','NO','SI','','ebecerra.demo@gmail.com',0,'37977527','TCM',NULL,NULL,NULL,NULL,NULL,'0','0',0,0,0),('tcm2','202cb962ac59075b964b07152d234b70','TCM2','TCM2','TCM951030A17','NO','2016-07-07 16:46:48','0000-00-00 00:00:00','NO','NO','SI','','ebecerra.demo@gmail.com',0,'37977527','test5',NULL,NULL,NULL,NULL,NULL,'0','0',0,0,0),('tcm3','202cb962ac59075b964b07152d234b70','TCM3','TCM3','TCM951030A17','NO','2016-07-07 16:47:57','0000-00-00 00:00:00','NO','NO','SI','','ebecerra@disxii.com',0,'37977527','tcm3',NULL,NULL,NULL,NULL,NULL,'0','0',0,0,0),('ebecerra','202cb962ac59075b964b07152d234b70','ERICK BECERRA VILLAFAÑA','','DID130409GY1','NO','2017-06-20 14:00:49','2017-06-20 14:15:55','NO','NO','SI',NULL,'ebecerra@disxii.com',2,'37977527','EBECERRA','','',NULL,NULL,NULL,'0','0',0,0,0);

--
-- Dumping data for table `validacfdi`
--

INSERT INTO `validacfdi` VALUES (18,'NPA0607284P3','NTA PACKING, S.A. DE C.V.','7C8DD49A-54FF-45D2-8E5F-5B4D28314BBB',8038.800000,'2015-01-09 16:17:14','1.00','Peso Mexicano','2016-05-24 14:50:30','EMX9810263X2','[encoded data, 5688 characters]','Aceptado','UHJ1ZWJhVG9kb3N8UHJ1ZWJhRGVtbw0KLS0tLS0tLS0tLS0tLS0tLS0NCkRvY3VtZW50byB24WxpZG8u','','1656'),(19,'LBE890926HMA','Laboratorios Becar, S.A. de C.V.','35CEC233-EA03-4B8C-BBF6-56D114F8EBA9',3630.800000,'2015-08-10 11:06:57','1.00','MXN','2016-05-24 14:55:48','BF&831024CT0','[encoded data, 6244 characters]','Aceptado','UHJ1ZWJhVG9kb3N8UHJ1ZWJhRGVtbw0KLS0tLS0tLS0tLS0tLS0tLS0NCkRvY3VtZW50byB24WxpZG8u','B','9991'),(20,'LBE890926HMA','Laboratorios Becar, S.A. de C.V.','35CEC233-EA03-4B8C-BBF6-56D114F8EBA9',3630.800000,'2015-08-10 11:06:57','1.00','MXN','2016-05-24 14:56:42','BF&831024CT0','[encoded data, 6244 characters]','Aceptado','UHJ1ZWJhVG9kb3N8UHJ1ZWJhRGVtbw0KLS0tLS0tLS0tLS0tLS0tLS0NCkRvY3VtZW50byB24WxpZG8u','B','9991'),(21,'LBE890926HMA','Laboratorios Becar, S.A. de C.V.','35CEC233-EA03-4B8C-BBF6-56D114F8EBA9',3630.800000,'2015-08-10 11:06:57','1.00','MXN','2016-05-24 14:57:07','BF&831024CT0','[encoded data, 6244 characters]','Aceptado','UHJ1ZWJhVG9kb3N8UHJ1ZWJhRGVtbw0KLS0tLS0tLS0tLS0tLS0tLS0NCkRvY3VtZW50byB24WxpZG8u','B','9991'),(22,'AARS890227FC0','SANDRA ARAUJO RAMIREZ','3123434B-F26E-438B-8E9C-95CEB81963BE',178170.780000,'2016-05-02 17:49:26','1.00','MXN','2016-05-24 15:04:44','CPO8710026Z3','[encoded data, 152000 characters]','Rechazado','DQotLS0tLS0tLS0tLS0tLS0tLQ0KVGhlIDxRUllfSW5zZXJ0YUNGREk+IGRhdGEgc291cmNlIGlzIG5vdCBpbml0aWFsaXplZC4gDQotIElmIGl0IGlzIGEgZGF0YSBmaWxlLCB0aGUgZmlsZSB3YXMgbm90IGZvdW5kIGluIHRoZSA8SDpcTXkgUHJvamVjdHNcV1NWYWxpZGFDRkRJXFdTVmFsaWRhQ0ZESS53ZGQ+IGFuYWx5c2lzIG9yIGl0IHdhcyBub3QgZGVzY3JpYmVkIGJ5IEhEZWNsYXJlL0hEZWNsYXJlRXh0ZXJuYWwuDQotIElmIGl0IGlzIGEgcXVlcnkgb3IgYSB2aWV3LCB0aGUgZXhlY3V0aW9uIG1heSBoYXZlIGZhaWxlZC4gDQogIFRvIHJldHJpZXZlIHRoZSBjb3JyZXNwb25kaW5nIGVycm9yLCBjaGVjayB0aGUgcmVzdWx0IG9mIEhFeGVjdXRlUXVlcnkvSEV4ZWN1dGVTUUxRdWVyeS9IQ3JlYXRlVmlldy4=','A','440'),(23,'LBE890926HMA','Laboratorios Becar, S.A. de C.V.','35CEC233-EA03-4B8C-BBF6-56D114F8EBA9',3630.800000,'2015-08-10 11:06:57','1.00','MXN','2016-05-24 16:22:23','BF&831024CT0','[encoded data, 6244 characters]','Aceptado','UHJ1ZWJhVG9kb3N8UHJ1ZWJhRGVtbw0KLS0tLS0tLS0tLS0tLS0tLS0NCkRvY3VtZW50byB24WxpZG8u','B','9991'),(24,'EAC030618A65','EURO AMERICANO DE CALZADO, S.A. DE C.V.','0d704056-a6ec-4694-b7c6-cd2ab54021d0',57420.000000,'2016-05-04 10:30:11','1.000000','MXN','2016-05-24 16:27:28','AOZ9903024A5','[encoded data, 11948 characters]','Aceptado','UHJ1ZWJhVG9kb3MNCi0tLS0tLS0tLS0tLS0tLS0tDQpEb2N1bWVudG8gduFsaWRvLg==','FE','6099'),(25,'EAC030618A65','EURO AMERICANO DE CALZADO, S.A. DE C.V.','ad8808b0-40b6-4d59-9b8c-b779c990b48f',130917.600000,'2016-05-04 10:26:06','1.000000','MXN','2016-05-24 16:34:57','AOZ9903024A5','[encoded data, 11944 characters]','Aceptado','UHJ1ZWJhVG9kb3MNCi0tLS0tLS0tLS0tLS0tLS0tDQpEb2N1bWVudG8gduFsaWRvLg==','FE','6098'),(26,'EME870831T20','EPSON México, S.A. de C.V.','9A5639AF-F8DE-0731-C70C-3AE3C3BBC74B',8935.380000,'2015-11-10 08:46:28','1.0000','MXN','2016-05-24 16:38:34','GDA1212134L3','[encoded data, 5672 characters]','Aceptado','UHJ1ZWJhVG9kb3N8UHJ1ZWJhRGVtbw0KLS0tLS0tLS0tLS0tLS0tLS0NCkRvY3VtZW50byB24WxpZG8u','L','18248'),(27,'GBO081210H72','GRUPO BOSELCO S.A DE C.V.','d7f3b9b7-290e-4802-9dda-e2c3827bcf21',19952.000000,'2015-08-04 13:25:00','1.000000','Pesos','2016-05-24 16:46:41','IOL980901893','[encoded data, 7604 characters]','Aceptado','UHJ1ZWJhVG9kb3N8UHJ1ZWJhRGVtbw0KLS0tLS0tLS0tLS0tLS0tLS0NCkRvY3VtZW50byB24WxpZG8u','A','896'),(28,'GBO081210H72','GRUPO BOSELCO S.A DE C.V.','d7f3b9b7-290e-4802-9dda-e2c3827bcf21',19952.000000,'2015-08-04 13:25:00','1.000000','Pesos','2016-05-24 16:59:06','IOL980901893','[encoded data, 7604 characters]','Aceptado','UHJ1ZWJhVG9kb3N8UHJ1ZWJhRGVtbw0KLS0tLS0tLS0tLS0tLS0tLS0NCkRvY3VtZW50byB24WxpZG8u','A','896'),(29,'GBO081210H72','GRUPO BOSELCO S.A DE C.V.','d7f3b9b7-290e-4802-9dda-e2c3827bcf21',19952.000000,'2015-08-04 13:25:00','1.000000','Pesos','2016-05-24 17:00:17','IOL980901893','[encoded data, 7608 characters]','Aceptado','UHJ1ZWJhVG9kb3N8UHJ1ZWJhRGVtbw0KLS0tLS0tLS0tLS0tLS0tLS0NCkRvY3VtZW50byB24WxpZG8u','A','896'),(30,'GBO081210H72','GRUPO BOSELCO S.A DE C.V.','d7f3b9b7-290e-4802-9dda-e2c3827bcf21',19952.000000,'2015-08-04 13:25:00','1.000000','Pesos','2016-05-24 17:00:57','IOL980901893','[encoded data, 7608 characters]','Aceptado','UHJ1ZWJhVG9kb3N8UHJ1ZWJhRGVtbw0KLS0tLS0tLS0tLS0tLS0tLS0NCkRvY3VtZW50byB24WxpZG8u','A','896'),(31,'GBO081210H72','GRUPO BOSELCO S.A DE C.V.','d7f3b9b7-290e-4802-9dda-e2c3827bcf21',19952.000000,'2015-08-04 13:25:00','1.000000','Pesos','2016-05-24 17:01:12','IOL980901893','[encoded data, 7608 characters]','Aceptado','UHJ1ZWJhVG9kb3N8UHJ1ZWJhRGVtbw0KLS0tLS0tLS0tLS0tLS0tLS0NCkRvY3VtZW50byB24WxpZG8u','A','896'),(32,'GBO081210H72','GRUPO BOSELCO S.A DE C.V.','d7f3b9b7-290e-4802-9dda-e2c3827bcf21',19952.000000,'2015-08-04 13:25:00','1.000000','Pesos','2016-05-24 17:15:04','IOL980901893','[encoded data, 7608 characters]','Aceptado','UHJ1ZWJhVG9kb3N8UHJ1ZWJhRGVtbw0KLS0tLS0tLS0tLS0tLS0tLS0NCkRvY3VtZW50byB24WxpZG8u','A','896'),(33,'GBO081210H72','GRUPO BOSELCO S.A DE C.V.','d7f3b9b7-290e-4802-9dda-e2c3827bcf21',19952.000000,'2015-08-04 13:25:00','1.000000','Pesos','2016-05-24 17:15:12','IOL980901893','[encoded data, 7608 characters]','Aceptado','UHJ1ZWJhVG9kb3N8UHJ1ZWJhRGVtbw0KLS0tLS0tLS0tLS0tLS0tLS0NCkRvY3VtZW50byB24WxpZG8u','A','896'),(34,'GBO081210H72','GRUPO BOSELCO S.A DE C.V.','d7f3b9b7-290e-4802-9dda-e2c3827bcf21',19952.000000,'2015-08-04 13:25:00','1.000000','Pesos','2016-05-24 17:15:15','IOL980901893','[encoded data, 7608 characters]','Aceptado','UHJ1ZWJhVG9kb3N8UHJ1ZWJhRGVtbw0KLS0tLS0tLS0tLS0tLS0tLS0NCkRvY3VtZW50byB24WxpZG8u','A','896'),(35,'GBO081210H72','GRUPO BOSELCO S.A DE C.V.','d7f3b9b7-290e-4802-9dda-e2c3827bcf21',19952.000000,'2015-08-04 13:25:00','1.000000','Pesos','2016-05-24 17:15:22','IOL980901893','[encoded data, 7608 characters]','Aceptado','UHJ1ZWJhVG9kb3N8UHJ1ZWJhRGVtbw0KLS0tLS0tLS0tLS0tLS0tLS0NCkRvY3VtZW50byB24WxpZG8u','A','896'),(36,'GBO081210H72','GRUPO BOSELCO S.A DE C.V.','d7f3b9b7-290e-4802-9dda-e2c3827bcf21',19952.000000,'2015-08-04 13:25:00','1.000000','Pesos','2016-05-24 17:15:30','IOL980901893','[encoded data, 7608 characters]','Rechazado','DQotLS0tLS0tLS0tLS0tLS0tLQ0KRWwgcmVjZXB0b3IgeWEgbm8gY3VlbnRhIGNvbiBjculkaXRvcyBkaXNwb25pYmxlcyBjb21vIERFTU8sIGZhdm9yIGRlIGNvbXVuaWNhcnNlIGEgdmVudGFzQGRpc3hpaS5jb20u','A','896'),(37,'EAC030618A65','EURO AMERICANO DE CALZADO, S.A. DE C.V.','37618CC9-FAAB-2B43-9F05-266B85104ED2',80620.000000,'2016-05-03 09:45:26','1.000000','MXN','2016-05-25 09:08:49','AOZ9903024A5','[encoded data, 14700 characters]','Aceptado','UHJ1ZWJhVG9kb3MNCi0tLS0tLS0tLS0tLS0tLS0tDQpEb2N1bWVudG8gduFsaWRvLg==','FE','6096'),(38,'AARS890227FC0','SANDRA ARAUJO RAMIREZ','3123434B-F26E-438B-8E9C-95CEB81963BE',178170.780000,'2016-05-02 17:49:26','1.00','MXN','2016-05-25 09:10:22','CPO8710026Z3','[encoded data, 152000 characters]','Rechazado','DQotLS0tLS0tLS0tLS0tLS0tLQ0KVGhlIDxRUllfSW5zZXJ0YUNGREk+IGRhdGEgc291cmNlIGlzIG5vdCBpbml0aWFsaXplZC4gDQotIElmIGl0IGlzIGEgZGF0YSBmaWxlLCB0aGUgZmlsZSB3YXMgbm90IGZvdW5kIGluIHRoZSA8SDpcTXkgUHJvamVjdHNcV1NWYWxpZGFDRkRJXFdTVmFsaWRhQ0ZESS53ZGQ+IGFuYWx5c2lzIG9yIGl0IHdhcyBub3QgZGVzY3JpYmVkIGJ5IEhEZWNsYXJlL0hEZWNsYXJlRXh0ZXJuYWwuDQotIElmIGl0IGlzIGEgcXVlcnkgb3IgYSB2aWV3LCB0aGUgZXhlY3V0aW9uIG1heSBoYXZlIGZhaWxlZC4gDQogIFRvIHJldHJpZXZlIHRoZSBjb3JyZXNwb25kaW5nIGVycm9yLCBjaGVjayB0aGUgcmVzdWx0IG9mIEhFeGVjdXRlUXVlcnkvSEV4ZWN1dGVTUUxRdWVyeS9IQ3JlYXRlVmlldy4=','A','440'),(39,'GBO081210H72','GRUPO BOSELCO S.A DE C.V.','d7f3b9b7-290e-4802-9dda-e2c3827bcf21',19952.000000,'2015-08-04 13:25:00','1.000000','Pesos','2016-05-25 09:50:54','IOL980901893','[encoded data, 7604 characters]','Advertencia','UHJ1ZWJhVG9kb3N8UHJ1ZWJhRGVtbw0KLS0tLS0tLS0tLS0tLS0tLS0NCltNb250b3NdIEVycm9yIGRlIGPhbGN1bG86IEVsIHRvdGFsIGRlIGltcHVlc3RvcyB0cmFzbGFkYWRvcyBjYWxjdWxhZG86IDI3NTIgPD4gMCAodmFsb3IgZXhwcmVzYWRvIGVuIGVsIFhNTCk=','A','896'),